
What is (14 - 6) + -1 + -5?
2
Evaluate 3 + 6 + -4 - 4.
1
Evaluate (-6 - (6 - (-3 - -14))) + -4.
-5
Evaluate -2 + 1 + (5 + 1 - 5).
0
Calculate 16 - 21 - (-5 + -4).
4
-7 + 8 + -5 + -2 + 2
-4
What is the value of (3 + -1 - 0) + -6 + 4?
0
Evaluate -7 - (-2 + -5 + (2 - 0)).
-2
Evaluate (0 - 3) + -4 + 9 + -4.
-2
Evaluate 4 - (8 - (-4 - -4 - -2)).
-2
What is -18 - -5 - (-1 - 11)?
-1
(-2 - -1) + (10 - 7) + 1
3
What is the value of -2 - (-2 - -4 - -1 - 8)?
3
What is -3 + (10 - 11) + (1 - -2)?
-1
Evaluate (-6 - -1) + 14 + -8.
1
Calculate (-11 - -22 - 2) + -7.
2
Evaluate 2 + -3 + 1 + 1.
1
Evaluate (-10 - -1 - -10) + -8.
-7
Calculate (3 + 10 - 16) + 13.
10
What is the value of (-1 - 1 - -3) + -4 + 5?
2
Evaluate -13 + 1 + -12 + 26.
2
Calculate 4 - (-6 + -1) - 4.
7
-3 + (-1 - -1) + (1 - 3)
-5
(88 - 90) + (0 - (-6 + -2))
6
Calculate -1 - (1 + -5 + -10 + 10).
3
-11 - (-1 + -13 + 6)
-3
What is the value of 4 - (6 - -2) - -2?
-2
Calculate -3 + -2 + 10 + -3.
2
-14 - 0 - (-14 - (4 - 11))
-7
What is the value of (1 - -1) + -10 + 10?
2
What is the value of -4 + 19 + -7 + -3 - 3?
2
Calculate 5 + 0 - (3 + 1).
1
Calculate -6 - ((-13 - (-4 + -1)) + 0).
2
What is the value of 2 + (-10 - (0 + -11))?
3
What is -5 - (-3 + 1 + -1 - 7)?
5
Evaluate 5 - 1 - (4 + -8 + 12).
-4
Calculate 5 - (5 - 3 - -2 - -1).
0
What is -10 - -3 - (-10 - 0)?
3
What is the value of -1 - ((4 + -4 - -1) + -5)?
3
Evaluate (-6 - -7) + -7 - -2.
-4
Evaluate -5 + (3 - (0 - 2)).
0
Evaluate (-1 - 6 - -2) + (9 - 8).
-4
What is the value of (-2 - 0) + -3 + 0?
-5
What is (3 - (3 + 3)) + 1?
-2
Evaluate 2 + (-4 - 8) + 14.
4
Calculate -3 - (-2 + (-8 - -4) + 5).
-2
What is the value of (-7 - (-11 + 12)) + (0 - -2)?
-6
Evaluate (-6 - -1) + (-8 - -10).
-3
Calculate 3 + 4 - (4 + 0) - -1.
4
-2 + -3 + (-2 - -1)
-6
What is -2 - (8 - (28 - 7)) - 5?
6
(1 - 1) + (6 - 9) + 6
3
-9 - (-11 + 19 - 26)
9
-4 + (-3 - (-4 + (5 - 3)))
-5
Evaluate (-2 - -8) + (-6 - 6) + 12.
6
Calculate (-3 - -6) + -4 + 3 + -1.
1
Calculate (0 - (3 - 1)) + (-8 - -9).
-1
-11 + 12 - (-2 + 2 + 0)
1
-3 - (-1 - -1) - (8 + -8)
-3
Evaluate 0 - -1 - (2 - (-2 - -2)).
-1
8 + (4 - 9) - 2
1
What is the value of 1 + -1 + (-1 + -1 - 1)?
-3
What is the value of -12 + 3 - (-22 + 20)?
-7
Calculate 15 + -9 + 1 + 0 + -3.
4
Evaluate -3 + (3 - (-1 - -5)) - 2.
-6
What is 3 + (-1 - (-4 - -7))?
-1
Calculate 2 - 4 - (-1 - -1).
-2
Calculate -7 - (-10 + 8 + -9).
4
What is (0 - -4) + -2 + (2 - 2)?
2
What is (10 - 2 - 6) + (-6 - -1)?
-3
-7 + -4 + 7 - -2
-2
Evaluate -1 + -1 + -3 + 3.
-2
Evaluate 0 + -3 + 6 + -3.
0
What is the value of 4 + (-8 - (0 + 3 + -5))?
-2
2 + (3 - 1) - 5
-1
(-1 - (1 - (-2 + 2))) + -3
-5
(-1 - (-13 + 7)) + -2
3
3 - (2 - 10 - -5)
6
What is the value of -1 + -6 + 1 - -10?
4
0 - -11 - (-68 - -79)
0
Calculate 0 - (-5 - (-8 + 4)).
1
What is the value of 0 + 0 + -3 - (1 + -6)?
2
Calculate 3 + (-5 - (6 + -9 - 2)).
3
What is 0 + 2 + (52 - 56)?
-2
-8 + (10 - -7 - 8)
1
What is the value of 14 + -11 + -2 + (-1 - 0)?
0
What is the value of 1 - 6 - -6 - (2 + 0)?
-1
What is (-11 - -13) + (-4 - -1)?
-1
Evaluate -9 + -1 + -9 + 16.
-3
Evaluate -3 - -1 - (1 + -2).
-1
(-14 - -11 - 0) + (1 - 0)
-2
What is the value of 11 + -6 + -2 + 1?
4
What is the value of 1 + (-4 - -3) - 3?
-3
Calculate 10 + -7 + 1 + 0.
4
-9 + 5 + -2 + 9
3
What is 4 - (0 + 0 + 0 + 0)?
4
What is -2 - -5 - (6 + (-6 - -5))?
-2
What is the value of 4 + (2 - -5) + -4?
7
What is 0 + 2 - (-9 - -6)?
5
Evaluate (-1 - -2) + (1 - 7).
-5
What is (-5 - (-1 + -5)) + 4?
5
-3 + -13 + (9 - 3)
-10
Evaluate 4 - (-6 + (14 - (-7 + 2))).
-9
(0 - (-6 - (4 + -8))) + -5
-3
Calculate -1 + (3 - (2 - -2) - -7).
5
What is (5 - (-1 + -1)) + (18 - 18)?
7
Evaluate -203 + 196 - (-14 - -1).
6
Evaluate 3 + -2 + -2 + (0 - 4).
-5
What is the value of -2 + 1 - (226 - 219)?
-8
What is (23 - 18) + -3 + (2 - 0)?
4
Evaluate -6 + 4 + -3 + (3 - 2).
-4
What is the value of 10 + -15 - 2 - -8?
1
What is (4 + (-5 - -1) - 4) + 3?
-1
Calculate 0 + (3 - (0 - -3 - 1)).
1
6 + (0 - 5) + -3
-2
What is (0 - -7) + (-27 - -26)?
6
(-5 - (-1 - 2) - 3) + 0
-5
Calculate -3 + (-3 - -5 - 2) + 1.
-2
(2 - 0 - 6) + 3
-1
What is the value of -6 - -7 - 4 - 0 - -6?
3
What is (-3 - -1 - -8) + -3 - 4?
-1
Calculate (-1 - 8) + (-2 - -3 - -4).
-4
Evaluate (-1 - 1) + -1 + 1 + 4.
2
What is 1 - -4 - (8 + (-1 - 8))?
6
Calculate (0 - -3) + (7 - 5).
5
Calculate (13 - (18 + -8)) + 4.
7
1 + (3 - (1 - 2))
5
What is the value of 1 - ((5 - 5 - 4) + -2)?
7
What is -5 + (2 - (-4 - -5) - 3)?
-7
Evaluate 2 - (7 + -3) - -4.
2
What is the value of 1 - -1 - (22 - 15)?
-5
What is the value of 5 + -6 + (7 - 0)?
6
What is 2 + (0 + -5 + 2 - -2)?
1
Calculate (-4 - 1) + -2 - -2.
-5
What is the value of 0 - -11 - (31 - 26)?
6
((6 - -2) + -4 - 2) + 6
8
What is the value of (-4 - 7) + (2 + -4 - -5)?
-8
Calculate 0 - (3 + 0 + -5).
2
Evaluate (-6 - (1 - -2)) + 0 + 4.
-5
What is 10 + (2 + -3 - 9)?
0
What is the value of 0 - (-2 - -2 - -1)?
-1
What is the value of (-7 - -3 - (-15 + 4)) + -1?
6
Evaluate 6 - (-2 + -2 + 10).
0
Calculate (-11 - -3) + (6 - 1) + -7.
-10
3 - (3 - (8 - 7))
1
What is the value of -8 + -2 + 9 + (-2 - -10)?
7
Calculate 5 - (-6 - -7) - 1.
3
-2 + 6 - ((-1 - 4) + 7)
2
What is (9 - 20) + 11 - (3 - 0)?
-3
-1 - (-9 - -11 - (-2 - -3))
-2
-1 + (0 - (3 - 5))
1
What is (2 - (1 + -2 + 5)) + -7?
-9
Calculate -11 - (9 - 14 - 4).
-2
What is (-28 - -27) + 0 + -1?
-2
Calculate -2 - 12 - (28 + -12 + -23).
-7
What is the value of (0 - 9 - -5) + 4?
0
Evaluate -1 - (1 + -15 + 7).
6
-12 + 6 + (7 - 0)
1
Calculate 62 + -51 - (13 - 1).
-1
What is -2 - (-2 + 3) - (-1 + 0)?
-2
Calculate 2 + -10 - (-7 - -2).
-3
-8 + (-6 - (0 - 3)) - -5
-6
Evaluate (0 - 1) + 20 + -9 + -12.
-2
(-12 - -15) + 2 + -5
0
Evaluate 2 + (1 - (1 + 1)).
1
Calculate 7 + (-11 - -7) - 2.
1
What is the value of 6 - (1 + (7 + -9 - -1))?
6
Calculate 10 - 9 - -10 - 14.
-3
What is the value of (1 + -6 - (0 - 4)) + 6?
5
Calculate 1 + 3 - -2 - 4.
2
Calculate 2 - (7 + (-2 - -1 - 4)).
0
What is -4 + 4 - (0 + (0 - 4))?
4
What is 0 + (-2 - (-2 + 6) - -3)?
-3
Calculate (2 - (-2 - 1)) + -14 + 9.
0
What is 10 + (0 - -4) + -14?
0
5 - -1 - (5 - 20 - -22)
-1
What is the value of 6 + 0 - (6 - 3) - -7?
10
Evaluate 11 + -25 + 19 - 5.
0
9 + (-1 - (4 - (3 - 0)))
7
What is -7 - ((-6 - (5 - 3)) + 4)?
-3
What is 2 + -2 + 2 + -1 + 6?
7
What is the value of -14 - (-5 - (1 - (4 - 6)))?
-6
What is (1 - 7) + (-2 - -3)?
-5
What is the value of -2 + 0 + (5 - 3) + -3?
-3
Calculate 9 + (6 + -11 - -1).
5
3 + (2 - (4 + 5)) - -1
-3
-5 + 7 + -2 + 4
4
What is 1 + (8 + -4 - (-2 - -4))?
3
What is -8 + 6 + 11 + -7?
2
Evaluate 0 + (-2 - -3) - (-1 - -1).
1
What is 0 + 1 + (-4 - (4 + -11))?
4
Calculate (7 - -3 - 4) + 1.
7
Evaluate -13 - -4 - (2 - 6) - -1.
-4
What is the value of 2 - 1 - (-15 - -16)?
0
Evaluate 0 + (3 - (3 - -1)).
-1
Evaluate (1 - (4 + 3)) + (-2 - -5).
-3
Calculate -5 - 1 - (13 - 21).
2
What is the value of -23 + 27 - (17 + -1) - -5?
-7
Calculate (0 - 6 - -2) + 2.
-2
-13 - (-7 + -4 - 0)
-2
What is -4 + 9 - (-8 - -8)?
5
Calculate -17 - (-6 - 1) - -4.
-6
What is -7 + 2 + (-3 - -7)?
-1
What is 2 - (-13 - -8 - (-2 - 0))?
5
What is the value of -29 - -22 - (0 - 7)?
0
-2 - ((-1 - (-3 + 1)) + -1)
-2
Calculate -9 + -2 + -15 + 26.
0
2 + (0 - -3) + (-3 - 2)
0
What is the value of 1 + 0 + (-4 - 0)?
-3
What is the value of (2 - -1) + (-4 - 2) + 4?
1
(-3 + 2 + 0 - 2) + 2
-1
What is the value of -1 - (4 + (3 - 5) - 4)?
1
Calculate -3 - ((8 - 0) + -5).
-6
Calculate 2 - (-11 - -6 - (0 + -4)).
3
What is -6 + 7 + 7 + -15?
-7
Evaluate -2 - (-5 + 4 - 0).
-1
Calculate 10 + (2 - 4) + -1 + -4.
3
What is (-6 + 3 - 6) + 4?
-5
What is the value of (-24 - -28) + (0 - 7)?
-3
Calculate 20 - (20 - 12) - 10.
2
What is (4 - (1 - 4)) + -3 - 7?
-3
Calculate 6 - 2 - (-4 - -5).
3
What is (14 - -3) + -5 + (-3 - -2)?
11
Evaluate -5 + (-6 - (-3 - 6)).
-2
-29 + 31 + (-4 - 0)
-2
Calculate -12 - ((1 - -3) + -22 + 13).
-7
What is the value of -2 - (-2 + -2 + 1)?
1
Calculate -12 - (-2 + -4) - -8 - 7.
-5
What is 8 + 0 + (-12 - -6)?
2
Calculate (9 + -6 - 2) + (-7 - -3).
-3
Evaluate (-35 - -35) + -8 + 0 + 8.
0
Calculate (-2 - 1) + -5 + 2 + 3.
-3
Calculate 5 - ((6 - (-2 + -1)) + -4).
0
Evaluate 9 - (-2 + (9 - 4)).
6
What is -3 + 3 - (0 + (2 - 4))?
2
What is the value of 0 - 1 - (-4 + 3) - 2?
-2
(-11 - -4) + (18 - 4)
